{"id":2041,"date":"2023-11-24T21:39:14","date_gmt":"2023-11-25T00:39:14","guid":{"rendered":"https:\/\/lupusufmg.medicina.ufmg.br\/?page_id=2041"},"modified":"2023-11-25T15:23:18","modified_gmt":"2023-11-25T18:23:18","slug":"gples-sobre-nos","status":"publish","type":"page","link":"https:\/\/lupusufmg.medicina.ufmg.br\/index.php\/gples-sobre-nos\/","title":{"rendered":"GPLES &#8211; Pesquisa Cient\u00edfica"},"content":{"rendered":"\t\t<div data-elementor-type=\"wp-page\" data-elementor-id=\"2041\" class=\"elementor elementor-2041\">\n\t\t\t\t\t\t\t<div class=\"elementor-element elementor-element-891f9b7 e-flex e-con-boxed e-con\" data-id=\"891f9b7\" data-element_type=\"container\" data-settings=\"{&quot;background_background&quot;:&quot;classic&quot;,&quot;content_width&quot;:&quot;boxed&quot;}\">\n\t\t\t\t\t<div class=\"e-con-inner\">\n\t\t\t\t<div class=\"elementor-element elementor-element-43a9d29 jltma-glass-effect-no elementor-widget elementor-widget-heading\" data-id=\"43a9d29\" data-element_type=\"widget\" data-widget_type=\"heading.default\">\n\t\t\t\t<div class=\"elementor-widget-container\">\n\t\t\t<style>\/*! elementor - v3.15.0 - 20-08-2023 *\/\n.elementor-heading-title{padding:0;margin:0;line-height:1}.elementor-widget-heading .elementor-heading-title[class*=elementor-size-]>a{color:inherit;font-size:inherit;line-height:inherit}.elementor-widget-heading .elementor-heading-title.elementor-size-small{font-size:15px}.elementor-widget-heading .elementor-heading-title.elementor-size-medium{font-size:19px}.elementor-widget-heading .elementor-heading-title.elementor-size-large{font-size:29px}.elementor-widget-heading .elementor-heading-title.elementor-size-xl{font-size:39px}.elementor-widget-heading .elementor-heading-title.elementor-size-xxl{font-size:59px}<\/style><h2 class=\"elementor-heading-title elementor-size-default\">Pesquisa Cient\u00edfica<\/h2>\t\t<\/div>\n\t\t\t\t<\/div>\n\t\t\t\t\t<\/div>\n\t\t\t\t<\/div>\n\t\t<div class=\"elementor-element elementor-element-093392c e-flex e-con-boxed e-con\" data-id=\"093392c\" data-element_type=\"container\" data-settings=\"{&quot;content_width&quot;:&quot;boxed&quot;}\">\n\t\t\t\t\t<div class=\"e-con-inner\">\n\t\t<div class=\"elementor-element elementor-element-e9f8709 e-con-full e-flex e-con\" data-id=\"e9f8709\" data-element_type=\"container\" data-settings=\"{&quot;content_width&quot;:&quot;full&quot;}\">\n\t\t\t\t<div class=\"elementor-element elementor-element-6cef809 elementor-widget__width-inherit jltma-glass-effect-no elementor-widget elementor-widget-text-editor\" data-id=\"6cef809\" data-element_type=\"widget\" data-widget_type=\"text-editor.default\">\n\t\t\t\t<div class=\"elementor-widget-container\">\n\t\t\t<style>\/*! elementor - v3.15.0 - 20-08-2023 *\/\n.elementor-widget-text-editor.elementor-drop-cap-view-stacked .elementor-drop-cap{background-color:#69727d;color:#fff}.elementor-widget-text-editor.elementor-drop-cap-view-framed .elementor-drop-cap{color:#69727d;border:3px solid;background-color:transparent}.elementor-widget-text-editor:not(.elementor-drop-cap-view-default) .elementor-drop-cap{margin-top:8px}.elementor-widget-text-editor:not(.elementor-drop-cap-view-default) .elementor-drop-cap-letter{width:1em;height:1em}.elementor-widget-text-editor .elementor-drop-cap{float:left;text-align:center;line-height:1;font-size:50px}.elementor-widget-text-editor .elementor-drop-cap-letter{display:inline-block}<\/style>\t\t\t\t<p>Como \u00e9 a nossa pesquisa?<\/p>\t\t\t\t\t\t<\/div>\n\t\t\t\t<\/div>\n\t\t\t\t<div class=\"elementor-element elementor-element-ded45eb jltma-glass-effect-no elementor-widget elementor-widget-text-editor\" data-id=\"ded45eb\" data-element_type=\"widget\" data-widget_type=\"text-editor.default\">\n\t\t\t\t<div class=\"elementor-widget-container\">\n\t\t\t\t\t\t\t<p><span style=\"font-weight: 400; color: var( --e-global-color-text ); letter-spacing: 0px;\">O <\/span><span style=\"color: var( --e-global-color-text ); letter-spacing: 0px;\">Grupo de Pesquisa em L\u00fapus Eritematoso Sist\u00eamico (GPLES)<\/span><span style=\"font-weight: 400; color: var( --e-global-color-text ); letter-spacing: 0px;\"> foi oficialmente registrado na UFMG e no CNPq em 2013, sendo liderado pelas Professoras Rosa Weiss Telles e Cristina Costa Duarte Lanna. Embora o registro tenha ocorrido nesse ano, os membros do grupo est\u00e3o envolvidos em pesquisas nos Ambulat\u00f3rios de L\u00fapus Eritematoso Sist\u00eamico do Hospital das Cl\u00ednicas da UFMG desde 2004. Conhe\u00e7a abaixo um pouco mais sobre as pesquisas que t\u00eam sido desenvolvidas no grupo.<\/span><\/p>\t\t\t\t\t\t<\/div>\n\t\t\t\t<\/div>\n\t\t\t\t<div class=\"elementor-element elementor-element-edb2c4e elementor-widget__width-inherit jltma-glass-effect-no elementor-widget elementor-widget-text-editor\" data-id=\"edb2c4e\" data-element_type=\"widget\" data-widget_type=\"text-editor.default\">\n\t\t\t\t<div class=\"elementor-widget-container\">\n\t\t\t\t\t\t\t<p>\u00a0<\/p><p>Linhas de Pesquisa<\/p>\t\t\t\t\t\t<\/div>\n\t\t\t\t<\/div>\n\t\t\t\t<div class=\"elementor-element elementor-element-5ba267a jltma-glass-effect-no elementor-widget elementor-widget-text-editor\" data-id=\"5ba267a\" data-element_type=\"widget\" data-widget_type=\"text-editor.default\">\n\t\t\t\t<div class=\"elementor-widget-container\">\n\t\t\t\t\t\t\t<p><span style=\"font-weight: 400;\">\u2013 Determinantes Progn\u00f3sticos em L\u00fapus Eritematoso Sist\u00eamico<\/span><\/p><p><span style=\"font-weight: 400;\">\u2013 Educa\u00e7\u00e3o do paciente com l\u00fapus sist\u00eamico e seus familiares<\/span><\/p><p><span style=\"font-weight: 400;\">\u2013 L\u00fapus Eritematoso Sist\u00eamico e suas comorbidades<\/span><\/p><p><span style=\"font-weight: 400;\">\u2013 L\u00fapus Eritematoso Sist\u00eamico: atividade f\u00edsica e estado nutricional<\/span><\/p><p><span style=\"font-weight: 400;\">\u2013 L\u00fapus Eritematoso Sist\u00eamico: etiopatog\u00eanese, manifesta\u00e7\u00f5es cl\u00ednicas e tratamento<\/span><\/p>\t\t\t\t\t\t<\/div>\n\t\t\t\t<\/div>\n\t\t\t\t<div class=\"elementor-element elementor-element-b456c93 elementor-widget__width-inherit jltma-glass-effect-no elementor-widget elementor-widget-text-editor\" data-id=\"b456c93\" data-element_type=\"widget\" data-widget_type=\"text-editor.default\">\n\t\t\t\t<div class=\"elementor-widget-container\">\n\t\t\t\t\t\t\t<p>\u00a0<\/p><p>Publica\u00e7\u00f5es Cient\u00edficas<\/p>\t\t\t\t\t\t<\/div>\n\t\t\t\t<\/div>\n\t\t\t\t<div class=\"elementor-element elementor-element-5b4ba36 jltma-glass-effect-no elementor-widget elementor-widget-text-editor\" data-id=\"5b4ba36\" data-element_type=\"widget\" data-widget_type=\"text-editor.default\">\n\t\t\t\t<div class=\"elementor-widget-container\">\n\t\t\t\t\t\t\t<ul><li><a href=\"https:\/\/lupusufmg.medicina.ufmg.br\/wp-content\/uploads\/2022\/09\/2018_Incidence-Risk-Factos-CVD-LES_Lupus-1.pdf\">Incidence of cardiovascular risk factors in female patients with systemic lupus erythematosus: a 3-year follow-up cohort<br \/><\/a><\/li><li><a href=\"https:\/\/lupusufmg.medicina.ufmg.br\/wp-content\/uploads\/2022\/09\/2018-Recognition-and-control-of-hypertension-diabetes-and-dyslipidemia-in-RA-patients-1.pdf\">Recognition and control of hypertension, diabetes, and dyslipidemia in patients with rheumatoid arthritis<br \/><\/a><\/li><li><a href=\"https:\/\/lupusufmg.medicina.ufmg.br\/wp-content\/uploads\/2022\/09\/2018_Recognition-and-control-of-hypertension-diabetes-and-dyslipidemia-in-patients-with-systemic-lupus-erythematosus.pdf\">Recognition and control of hypertension, diabetes, and dyslipidemia in patients with systemic lupus erythematosus<br \/><\/a><\/li><li><a href=\"https:\/\/lupusufmg.medicina.ufmg.br\/wp-content\/uploads\/2022\/09\/Acidos-graxos-poli-insaturados-omega-3-e-lupus-2014-artigo-Mariane-RBR.pdf\">\u00c1cidos graxos poli-insaturados \u00f4mega-3 e l\u00fapus eritematoso sist\u00eamico: o que sabemos?<br \/><\/a><\/li><li><a href=\"https:\/\/lupusufmg.medicina.ufmg.br\/wp-content\/uploads\/2022\/09\/2017-Adipokynes-and-Anti-TNF-in-SLE.pdf\">Adipokines, tumor necrosis factor and its receptors in female patients with systemic lupus erythematosus<br \/><\/a><\/li><li><a href=\"https:\/\/lupusufmg.medicina.ufmg.br\/wp-content\/uploads\/2022\/09\/Causes-and-predictors-of-death-in-Brazilian-lupus-patients-2012.pdf\">Causes and predictors of death in Brazilian lupus patients<br \/><\/a><\/li><li><a href=\"https:\/\/lupusufmg.medicina.ufmg.br\/wp-content\/uploads\/2022\/09\/Fatores-Risco-em-LES-RBR-2007.pdf\">Freq\u00fc\u00eancia de Doen\u00e7a Cardiovascular Ateroscler\u00f3tica e de seus Fatores de Risco em Pacientes com L\u00fapus Eritematoso Sist\u00eamico<br \/><\/a><\/li><li><a href=\"https:\/\/lupusufmg.medicina.ufmg.br\/wp-content\/uploads\/2022\/09\/Avaliacao-Nutricional-em-LES-RBR-2010.pdf\">Assessment of nutritional status and physical activity in systemic lupus erythematosus patients<br \/><\/a><\/li><li><a href=\"https:\/\/lupusufmg.medicina.ufmg.br\/wp-content\/uploads\/2022\/09\/metabolic-syndrome-in-Lupus-2009.pdf\">Metabolic syndrome in patients with systemic lupus erythematosus: association with traditional risk factors for coronary heart disease and lupus characteristics<br \/><\/a><\/li><li><a href=\"https:\/\/lupusufmg.medicina.ufmg.br\/wp-content\/uploads\/2022\/09\/Nutritional-status-and-food-intake-in-patients-with-systemic-lupus-Nutrition-2012.pdf\">Nutritional status and food intake in patients with systemic lupus erythematosus<br \/><\/a><\/li><li><a href=\"https:\/\/lupusufmg.medicina.ufmg.br\/wp-content\/uploads\/2022\/09\/O-que-voce-sempre-quis-saber-sobre-lupus-2015.pdf\">\u201cO que voc\u00ea sempre quis saber sobre l\u00fapus e nunca teve coragem de perguntar\u201d: proposta de programa de educa\u00e7\u00e3o do paciente<br \/><\/a><\/li><li><a href=\"https:\/\/lupusufmg.medicina.ufmg.br\/wp-content\/uploads\/2023\/03\/2021-letter-Neurotrophic-factors-in-systemic-lupus.pdf\">Neurotrophic factors in systemic lupus erythematosus: markers of disease activity<br \/><\/a><\/li><li><a href=\"https:\/\/lupusufmg.medicina.ufmg.br\/wp-content\/uploads\/2023\/03\/2020-Cosmetic-camouflage-HRQL-in-LES.pdf\">Cosmetic camouflage improves health-related quality of life in women with systemic lupus erythematosus and permanent skin damage: A controlled intervention study<\/a><\/li><\/ul>\t\t\t\t\t\t<\/div>\n\t\t\t\t<\/div>\n\t\t\t\t<\/div>\n\t\t\t\t\t<\/div>\n\t\t\t\t<\/div>\n\t\t\t\t\t\t\t<\/div>\n\t\t","protected":false},"excerpt":{"rendered":"<p>Pesquisa Cient\u00edfica Como \u00e9 a nossa pesquisa? O Grupo de Pesquisa em L\u00fapus Eritematoso Sist\u00eamico (GPLES) foi oficialmente registrado na UFMG e no CNPq em 2013, sendo liderado pelas Professoras Rosa Weiss Telles e Cristina Costa Duarte Lanna. Embora o registro tenha ocorrido nesse ano, os membros do grupo est\u00e3o envolvidos em pesquisas nos Ambulat\u00f3rios [&hellip;]<\/p>\n","protected":false},"author":3,"featured_media":0,"parent":0,"menu_order":0,"comment_status":"closed","ping_status":"closed","template":"elementor_header_footer","meta":{"footnotes":""},"class_list":["post-2041","page","type-page","status-publish","hentry"],"_links":{"self":[{"href":"https:\/\/lupusufmg.medicina.ufmg.br\/index.php\/wp-json\/wp\/v2\/pages\/2041","targetHints":{"allow":["GET"]}}],"collection":[{"href":"https:\/\/lupusufmg.medicina.ufmg.br\/index.php\/wp-json\/wp\/v2\/pages"}],"about":[{"href":"https:\/\/lupusufmg.medicina.ufmg.br\/index.php\/wp-json\/wp\/v2\/types\/page"}],"author":[{"embeddable":true,"href":"https:\/\/lupusufmg.medicina.ufmg.br\/index.php\/wp-json\/wp\/v2\/users\/3"}],"replies":[{"embeddable":true,"href":"https:\/\/lupusufmg.medicina.ufmg.br\/index.php\/wp-json\/wp\/v2\/comments?post=2041"}],"version-history":[{"count":7,"href":"https:\/\/lupusufmg.medicina.ufmg.br\/index.php\/wp-json\/wp\/v2\/pages\/2041\/revisions"}],"predecessor-version":[{"id":2162,"href":"https:\/\/lupusufmg.medicina.ufmg.br\/index.php\/wp-json\/wp\/v2\/pages\/2041\/revisions\/2162"}],"wp:attachment":[{"href":"https:\/\/lupusufmg.medicina.ufmg.br\/index.php\/wp-json\/wp\/v2\/media?parent=2041"}],"curies":[{"name":"wp","href":"https:\/\/api.w.org\/{rel}","templated":true}]}}

GPLES &#8211; Pesquisa Científica

<div data-elementor-type="wp-page" data-elementor-id="2041" class="elementor elementor-2041">
							<div class="elementor-element elementor-element-891f9b7 e-flex e-con-boxed e-con" data-id="891f9b7" data-element_type="container" data-settings="{&quot;background_background&quot;:&quot;classic&quot;,&quot;content_width&quot;:&quot;boxed&quot;}">
					<div class="e-con-inner">
				<div class="elementor-element elementor-element-43a9d29 jltma-glass-effect-no elementor-widget elementor-widget-heading" data-id="43a9d29" data-element_type="widget" data-widget_type="heading.default">
				<div class="elementor-widget-container">
			<style>/*! elementor - v3.15.0 - 20-08-2023 */
.elementor-heading-title{padding:0;margin:0;line-height:1}.elementor-widget-heading .elementor-heading-title[class*=elementor-size-]>a{color:inherit;font-size:inherit;line-height:inherit}.elementor-widget-heading .elementor-heading-title.elementor-size-small{font-size:15px}.elementor-widget-heading .elementor-heading-title.elementor-size-medium{font-size:19px}.elementor-widget-heading .elementor-heading-title.elementor-size-large{font-size:29px}.elementor-widget-heading .elementor-heading-title.elementor-size-xl{font-size:39px}.elementor-widget-heading .elementor-heading-title.elementor-size-xxl{font-size:59px}</style><h2 class="elementor-heading-title elementor-size-default">Pesquisa Científica</h2>		</div>
				</div>
					</div>
				</div>
		<div class="elementor-element elementor-element-093392c e-flex e-con-boxed e-con" data-id="093392c" data-element_type="container" data-settings="{&quot;content_width&quot;:&quot;boxed&quot;}">
					<div class="e-con-inner">
		<div class="elementor-element elementor-element-e9f8709 e-con-full e-flex e-con" data-id="e9f8709" data-element_type="container" data-settings="{&quot;content_width&quot;:&quot;full&quot;}">
				<div class="elementor-element elementor-element-6cef809 elementor-widget__width-inherit jltma-glass-effect-no elementor-widget elementor-widget-text-editor" data-id="6cef809" data-element_type="widget" data-widget_type="text-editor.default">
				<div class="elementor-widget-container">
			<style>/*! elementor - v3.15.0 - 20-08-2023 */
.elementor-widget-text-editor.elementor-drop-cap-view-stacked .elementor-drop-cap{background-color:#69727d;color:#fff}.elementor-widget-text-editor.elementor-drop-cap-view-framed .elementor-drop-cap{color:#69727d;border:3px solid;background-color:transparent}.elementor-widget-text-editor:not(.elementor-drop-cap-view-default) .elementor-drop-cap{margin-top:8px}.elementor-widget-text-editor:not(.elementor-drop-cap-view-default) .elementor-drop-cap-letter{width:1em;height:1em}.elementor-widget-text-editor .elementor-drop-cap{float:left;text-align:center;line-height:1;font-size:50px}.elementor-widget-text-editor .elementor-drop-cap-letter{display:inline-block}</style>				<p>Como é a nossa pesquisa?</p>						</div>
				</div>
				<div class="elementor-element elementor-element-ded45eb jltma-glass-effect-no elementor-widget elementor-widget-text-editor" data-id="ded45eb" data-element_type="widget" data-widget_type="text-editor.default">
				<div class="elementor-widget-container">
							<p><span style="font-weight: 400; color: var( --e-global-color-text ); letter-spacing: 0px;">O </span><span style="color: var( --e-global-color-text ); letter-spacing: 0px;">Grupo de Pesquisa em Lúpus Eritematoso Sistêmico (GPLES)</span><span style="font-weight: 400; color: var( --e-global-color-text ); letter-spacing: 0px;"> foi oficialmente registrado na UFMG e no CNPq em 2013, sendo liderado pelas Professoras Rosa Weiss Telles e Cristina Costa Duarte Lanna. Embora o registro tenha ocorrido nesse ano, os membros do grupo estão envolvidos em pesquisas nos Ambulatórios de Lúpus Eritematoso Sistêmico do Hospital das Clínicas da UFMG desde 2004. Conheça abaixo um pouco mais sobre as pesquisas que têm sido desenvolvidas no grupo.</span></p>						</div>
				</div>
				<div class="elementor-element elementor-element-edb2c4e elementor-widget__width-inherit jltma-glass-effect-no elementor-widget elementor-widget-text-editor" data-id="edb2c4e" data-element_type="widget" data-widget_type="text-editor.default">
				<div class="elementor-widget-container">
							<p> </p><p>Linhas de Pesquisa</p>						</div>
				</div>
				<div class="elementor-element elementor-element-5ba267a jltma-glass-effect-no elementor-widget elementor-widget-text-editor" data-id="5ba267a" data-element_type="widget" data-widget_type="text-editor.default">
				<div class="elementor-widget-container">
							<p><span style="font-weight: 400;">– Determinantes Prognósticos em Lúpus Eritematoso Sistêmico</span></p><p><span style="font-weight: 400;">– Educação do paciente com lúpus sistêmico e seus familiares</span></p><p><span style="font-weight: 400;">– Lúpus Eritematoso Sistêmico e suas comorbidades</span></p><p><span style="font-weight: 400;">– Lúpus Eritematoso Sistêmico: atividade física e estado nutricional</span></p><p><span style="font-weight: 400;">– Lúpus Eritematoso Sistêmico: etiopatogênese, manifestações clínicas e tratamento</span></p>						</div>
				</div>
				<div class="elementor-element elementor-element-b456c93 elementor-widget__width-inherit jltma-glass-effect-no elementor-widget elementor-widget-text-editor" data-id="b456c93" data-element_type="widget" data-widget_type="text-editor.default">
				<div class="elementor-widget-container">
							<p> </p><p>Publicações Científicas</p>						</div>
				</div>
				<div class="elementor-element elementor-element-5b4ba36 jltma-glass-effect-no elementor-widget elementor-widget-text-editor" data-id="5b4ba36" data-element_type="widget" data-widget_type="text-editor.default">
				<div class="elementor-widget-container">
							<ul><li><a href="https://lupusufmg.medicina.ufmg.br/wp-content/uploads/2022/09/2018_Incidence-Risk-Factos-CVD-LES_Lupus-1.pdf">Incidence of cardiovascular risk factors in female patients with systemic lupus erythematosus: a 3-year follow-up cohort<br /></a></li><li><a href="https://lupusufmg.medicina.ufmg.br/wp-content/uploads/2022/09/2018-Recognition-and-control-of-hypertension-diabetes-and-dyslipidemia-in-RA-patients-1.pdf">Recognition and control of hypertension, diabetes, and dyslipidemia in patients with rheumatoid arthritis<br /></a></li><li><a href="https://lupusufmg.medicina.ufmg.br/wp-content/uploads/2022/09/2018_Recognition-and-control-of-hypertension-diabetes-and-dyslipidemia-in-patients-with-systemic-lupus-erythematosus.pdf">Recognition and control of hypertension, diabetes, and dyslipidemia in patients with systemic lupus erythematosus<br /></a></li><li><a href="https://lupusufmg.medicina.ufmg.br/wp-content/uploads/2022/09/Acidos-graxos-poli-insaturados-omega-3-e-lupus-2014-artigo-Mariane-RBR.pdf">Ácidos graxos poli-insaturados ômega-3 e lúpus eritematoso sistêmico: o que sabemos?<br /></a></li><li><a href="https://lupusufmg.medicina.ufmg.br/wp-content/uploads/2022/09/2017-Adipokynes-and-Anti-TNF-in-SLE.pdf">Adipokines, tumor necrosis factor and its receptors in female patients with systemic lupus erythematosus<br /></a></li><li><a href="https://lupusufmg.medicina.ufmg.br/wp-content/uploads/2022/09/Causes-and-predictors-of-death-in-Brazilian-lupus-patients-2012.pdf">Causes and predictors of death in Brazilian lupus patients<br /></a></li><li><a href="https://lupusufmg.medicina.ufmg.br/wp-content/uploads/2022/09/Fatores-Risco-em-LES-RBR-2007.pdf">Freqüência de Doença Cardiovascular Aterosclerótica e de seus Fatores de Risco em Pacientes com Lúpus Eritematoso Sistêmico<br /></a></li><li><a href="https://lupusufmg.medicina.ufmg.br/wp-content/uploads/2022/09/Avaliacao-Nutricional-em-LES-RBR-2010.pdf">Assessment of nutritional status and physical activity in systemic lupus erythematosus patients<br /></a></li><li><a href="https://lupusufmg.medicina.ufmg.br/wp-content/uploads/2022/09/metabolic-syndrome-in-Lupus-2009.pdf">Metabolic syndrome in patients with systemic lupus erythematosus: association with traditional risk factors for coronary heart disease and lupus characteristics<br /></a></li><li><a href="https://lupusufmg.medicina.ufmg.br/wp-content/uploads/2022/09/Nutritional-status-and-food-intake-in-patients-with-systemic-lupus-Nutrition-2012.pdf">Nutritional status and food intake in patients with systemic lupus erythematosus<br /></a></li><li><a href="https://lupusufmg.medicina.ufmg.br/wp-content/uploads/2022/09/O-que-voce-sempre-quis-saber-sobre-lupus-2015.pdf">“O que você sempre quis saber sobre lúpus e nunca teve coragem de perguntar”: proposta de programa de educação do paciente<br /></a></li><li><a href="https://lupusufmg.medicina.ufmg.br/wp-content/uploads/2023/03/2021-letter-Neurotrophic-factors-in-systemic-lupus.pdf">Neurotrophic factors in systemic lupus erythematosus: markers of disease activity<br /></a></li><li><a href="https://lupusufmg.medicina.ufmg.br/wp-content/uploads/2023/03/2020-Cosmetic-camouflage-HRQL-in-LES.pdf">Cosmetic camouflage improves health-related quality of life in women with systemic lupus erythematosus and permanent skin damage: A controlled intervention study</a></li></ul>						</div>
				</div>
				</div>
					</div>
				</div>
							</div>

<p>Pesquisa Científica Como é a nossa pesquisa? O Grupo de Pesquisa em Lúpus Eritematoso Sistêmico (GPLES) foi oficialmente registrado na UFMG e no CNPq em 2013, sendo liderado pelas Professoras Rosa Weiss Telles e Cristina Costa Duarte Lanna. Embora o registro tenha ocorrido nesse ano, os membros do grupo estão envolvidos em pesquisas nos Ambulatórios [&hellip;]</p>
