{"id":2060,"date":"2023-11-25T12:50:02","date_gmt":"2023-11-25T15:50:02","guid":{"rendered":"https:\/\/lupusufmg.medicina.ufmg.br\/?page_id=2060"},"modified":"2026-04-15T16:23:21","modified_gmt":"2026-04-15T19:23:21","slug":"gples-sobre-nos-3","status":"publish","type":"page","link":"https:\/\/lupusufmg.medicina.ufmg.br\/index.php\/gples-sobre-nos-3\/","title":{"rendered":"GPLES &#8211; M\u00eddias Sociais"},"content":{"rendered":"\t\t<div data-elementor-type=\"wp-page\" data-elementor-id=\"2060\" class=\"elementor elementor-2060\">\n\t\t\t\t\t\t\t<div class=\"elementor-element elementor-element-891f9b7 e-flex e-con-boxed e-con\" data-id=\"891f9b7\" data-element_type=\"container\" data-settings=\"{&quot;background_background&quot;:&quot;classic&quot;,&quot;content_width&quot;:&quot;boxed&quot;}\">\n\t\t\t\t\t<div class=\"e-con-inner\">\n\t\t\t\t<div class=\"elementor-element elementor-element-43a9d29 jltma-glass-effect-no elementor-widget elementor-widget-heading\" data-id=\"43a9d29\" data-element_type=\"widget\" data-widget_type=\"heading.default\">\n\t\t\t\t<div class=\"elementor-widget-container\">\n\t\t\t<style>\/*! elementor - v3.15.0 - 20-08-2023 *\/\n.elementor-heading-title{padding:0;margin:0;line-height:1}.elementor-widget-heading .elementor-heading-title[class*=elementor-size-]>a{color:inherit;font-size:inherit;line-height:inherit}.elementor-widget-heading .elementor-heading-title.elementor-size-small{font-size:15px}.elementor-widget-heading .elementor-heading-title.elementor-size-medium{font-size:19px}.elementor-widget-heading .elementor-heading-title.elementor-size-large{font-size:29px}.elementor-widget-heading .elementor-heading-title.elementor-size-xl{font-size:39px}.elementor-widget-heading .elementor-heading-title.elementor-size-xxl{font-size:59px}<\/style><h2 class=\"elementor-heading-title elementor-size-default\">M\u00eddias Sociais<\/h2>\t\t<\/div>\n\t\t\t\t<\/div>\n\t\t\t\t\t<\/div>\n\t\t\t\t<\/div>\n\t\t<div class=\"elementor-element elementor-element-093392c e-flex e-con-boxed e-con\" data-id=\"093392c\" data-element_type=\"container\" data-settings=\"{&quot;content_width&quot;:&quot;boxed&quot;}\">\n\t\t\t\t\t<div class=\"e-con-inner\">\n\t\t<div class=\"elementor-element elementor-element-e9f8709 e-con-full e-flex e-con\" data-id=\"e9f8709\" data-element_type=\"container\" data-settings=\"{&quot;content_width&quot;:&quot;full&quot;}\">\n\t\t\t\t<div class=\"elementor-element elementor-element-6cef809 elementor-widget__width-inherit jltma-glass-effect-no elementor-widget elementor-widget-text-editor\" data-id=\"6cef809\" data-element_type=\"widget\" data-widget_type=\"text-editor.default\">\n\t\t\t\t<div class=\"elementor-widget-container\">\n\t\t\t<style>\/*! elementor - v3.15.0 - 20-08-2023 *\/\n.elementor-widget-text-editor.elementor-drop-cap-view-stacked .elementor-drop-cap{background-color:#69727d;color:#fff}.elementor-widget-text-editor.elementor-drop-cap-view-framed .elementor-drop-cap{color:#69727d;border:3px solid;background-color:transparent}.elementor-widget-text-editor:not(.elementor-drop-cap-view-default) .elementor-drop-cap{margin-top:8px}.elementor-widget-text-editor:not(.elementor-drop-cap-view-default) .elementor-drop-cap-letter{width:1em;height:1em}.elementor-widget-text-editor .elementor-drop-cap{float:left;text-align:center;line-height:1;font-size:50px}.elementor-widget-text-editor .elementor-drop-cap-letter{display:inline-block}<\/style>\t\t\t\t<p>O que \u00e9 o Grupo de Pesquisa em L\u00fapus Eritematoso Sist\u00eamico?<\/p>\t\t\t\t\t\t<\/div>\n\t\t\t\t<\/div>\n\t\t\t\t<div class=\"elementor-element elementor-element-ded45eb jltma-glass-effect-no elementor-widget elementor-widget-text-editor\" data-id=\"ded45eb\" data-element_type=\"widget\" data-widget_type=\"text-editor.default\">\n\t\t\t\t<div class=\"elementor-widget-container\">\n\t\t\t\t\t\t\t<p><span style=\"font-weight: 400;\">O Projeto M\u00eddias Sociais e Educa\u00e7\u00e3o em Sa\u00fade, iniciado em 2018, utiliza plataformas como Facebook e Instagram para <\/span>divulgar informa\u00e7\u00f5es confi\u00e1veis sobre o L\u00fapus e doen\u00e7as associadas<span style=\"font-weight: 400;\">. Realizando postagens no feed, stories e v\u00eddeos no formato IgTv, as sess\u00f5es incluem &#8220;Dicas de Sa\u00fade&#8221;, &#8220;Saiba Mais&#8221; e, a partir de 2020, &#8220;COVID-19&#8221;. Desenvolvido por alunos de gradua\u00e7\u00e3o em medicina, o projeto, sob a coordena\u00e7\u00e3o da Professora Cristina Costa Duarte Lanna, envolve a produ\u00e7\u00e3o de conte\u00fado, corre\u00e7\u00f5es das professoras de reumatologia da UFMG e intera\u00e7\u00e3o ativa nas plataformas para esclarecer d\u00favidas dos seguidores. O engajamento nas redes sociais \u00e9 evidenciado pelos indicadores de crescimento, demonstrando a efetividade do projeto em seus objetivos educativos, ao <\/span>conectar pessoas com l\u00fapus \u00e0 informa\u00e7\u00e3o cient\u00edfica de qualidade e fortalecer a comunica\u00e7\u00e3o entre a universidade e a sociedade<span style=\"font-weight: 400;\">.<\/span><\/p>\t\t\t\t\t\t<\/div>\n\t\t\t\t<\/div>\n\t\t\t\t<div class=\"elementor-element elementor-element-edb2c4e elementor-widget__width-inherit jltma-glass-effect-no elementor-widget elementor-widget-text-editor\" data-id=\"edb2c4e\" data-element_type=\"widget\" data-widget_type=\"text-editor.default\">\n\t\t\t\t<div class=\"elementor-widget-container\">\n\t\t\t\t\t\t\t<p>\u00a0<\/p><p>Impacto Esperado<\/p>\t\t\t\t\t\t<\/div>\n\t\t\t\t<\/div>\n\t\t\t\t<div class=\"elementor-element elementor-element-5ba267a jltma-glass-effect-no elementor-widget elementor-widget-text-editor\" data-id=\"5ba267a\" data-element_type=\"widget\" data-widget_type=\"text-editor.default\">\n\t\t\t\t<div class=\"elementor-widget-container\">\n\t\t\t\t\t\t\t<p>Amplia\u00e7\u00e3o do Acesso \u00e0 Informa\u00e7\u00e3o sobre o L\u00fapus:<span style=\"font-weight: 400;\"> O Projeto M\u00eddias Sociais e Educa\u00e7\u00e3o em Sa\u00fade pode impactar positivamente ao ampliar o acesso \u00e0 informa\u00e7\u00e3o sobre o L\u00fapus e doen\u00e7as associadas, proporcionando conte\u00fado confi\u00e1vel e acess\u00edvel atrav\u00e9s de plataformas populares como Facebook e Instagram.<\/span><\/p><p>Fortalecimento da Comunica\u00e7\u00e3o entre Universidade e Sociedade: <span style=\"font-weight: 400;\">Utilizando as m\u00eddias sociais como ferramenta essencial, o projeto contribui para o fortalecimento da comunica\u00e7\u00e3o entre a universidade e a sociedade, especialmente durante a pandemia, ao conectar pessoas com L\u00fapus a informa\u00e7\u00f5es cient\u00edficas relevantes e de qualidade.<\/span><\/p><p>Educa\u00e7\u00e3o em Sa\u00fade para Pacientes com L\u00fapus: <span style=\"font-weight: 400;\">Ao realizar postagens educativas, esclarecer d\u00favidas e abordar temas relevantes, o projeto promove a educa\u00e7\u00e3o em sa\u00fade para pessoas com L\u00fapus, incentivando uma compreens\u00e3o mais informada da condi\u00e7\u00e3o e melhorando a qualidade de vida dos pacientes.<\/span><\/p>\t\t\t\t\t\t<\/div>\n\t\t\t\t<\/div>\n\t\t\t\t<\/div>\n\t\t\t\t\t<\/div>\n\t\t\t\t<\/div>\n\t\t<div class=\"elementor-element elementor-element-3a9c998 e-flex e-con-boxed e-con\" data-id=\"3a9c998\" data-element_type=\"container\" data-settings=\"{&quot;content_width&quot;:&quot;boxed&quot;}\">\n\t\t\t\t\t<div class=\"e-con-inner\">\n\t\t\t\t<div class=\"elementor-element elementor-element-cdbf415 jltma-glass-effect-no elementor-widget elementor-widget-shortcode\" data-id=\"cdbf415\" data-element_type=\"widget\" data-widget_type=\"shortcode.default\">\n\t\t\t\t<div class=\"elementor-widget-container\">\n\t\t\t\t\t<div class=\"elementor-shortcode\"><div id=\"trustindex-feed-container-instagram-8669f32cd3c8720\"><\/div><\/div>\n\t\t\t\t<\/div>\n\t\t\t\t<\/div>\n\t\t\t\t\t<\/div>\n\t\t\t\t<\/div>\n\t\t\t\t\t\t\t<\/div>\n\t\t","protected":false},"excerpt":{"rendered":"<p>M\u00eddias Sociais O que \u00e9 o Grupo de Pesquisa em L\u00fapus Eritematoso Sist\u00eamico? O Projeto M\u00eddias Sociais e Educa\u00e7\u00e3o em Sa\u00fade, iniciado em 2018, utiliza plataformas como Facebook e Instagram para divulgar informa\u00e7\u00f5es confi\u00e1veis sobre o L\u00fapus e doen\u00e7as associadas. Realizando postagens no feed, stories e v\u00eddeos no formato IgTv, as sess\u00f5es incluem &#8220;Dicas de [&hellip;]<\/p>\n","protected":false},"author":3,"featured_media":0,"parent":0,"menu_order":0,"comment_status":"closed","ping_status":"closed","template":"elementor_header_footer","meta":{"footnotes":""},"class_list":["post-2060","page","type-page","status-publish","hentry"],"_links":{"self":[{"href":"https:\/\/lupusufmg.medicina.ufmg.br\/index.php\/wp-json\/wp\/v2\/pages\/2060","targetHints":{"allow":["GET"]}}],"collection":[{"href":"https:\/\/lupusufmg.medicina.ufmg.br\/index.php\/wp-json\/wp\/v2\/pages"}],"about":[{"href":"https:\/\/lupusufmg.medicina.ufmg.br\/index.php\/wp-json\/wp\/v2\/types\/page"}],"author":[{"embeddable":true,"href":"https:\/\/lupusufmg.medicina.ufmg.br\/index.php\/wp-json\/wp\/v2\/users\/3"}],"replies":[{"embeddable":true,"href":"https:\/\/lupusufmg.medicina.ufmg.br\/index.php\/wp-json\/wp\/v2\/comments?post=2060"}],"version-history":[{"count":16,"href":"https:\/\/lupusufmg.medicina.ufmg.br\/index.php\/wp-json\/wp\/v2\/pages\/2060\/revisions"}],"predecessor-version":[{"id":2212,"href":"https:\/\/lupusufmg.medicina.ufmg.br\/index.php\/wp-json\/wp\/v2\/pages\/2060\/revisions\/2212"}],"wp:attachment":[{"href":"https:\/\/lupusufmg.medicina.ufmg.br\/index.php\/wp-json\/wp\/v2\/media?parent=2060"}],"curies":[{"name":"wp","href":"https:\/\/api.w.org\/{rel}","templated":true}]}}

GPLES &#8211; Mídias Sociais

<div data-elementor-type="wp-page" data-elementor-id="2060" class="elementor elementor-2060">
							<div class="elementor-element elementor-element-891f9b7 e-flex e-con-boxed e-con" data-id="891f9b7" data-element_type="container" data-settings="{&quot;background_background&quot;:&quot;classic&quot;,&quot;content_width&quot;:&quot;boxed&quot;}">
					<div class="e-con-inner">
				<div class="elementor-element elementor-element-43a9d29 jltma-glass-effect-no elementor-widget elementor-widget-heading" data-id="43a9d29" data-element_type="widget" data-widget_type="heading.default">
				<div class="elementor-widget-container">
			<style>/*! elementor - v3.15.0 - 20-08-2023 */
.elementor-heading-title{padding:0;margin:0;line-height:1}.elementor-widget-heading .elementor-heading-title[class*=elementor-size-]>a{color:inherit;font-size:inherit;line-height:inherit}.elementor-widget-heading .elementor-heading-title.elementor-size-small{font-size:15px}.elementor-widget-heading .elementor-heading-title.elementor-size-medium{font-size:19px}.elementor-widget-heading .elementor-heading-title.elementor-size-large{font-size:29px}.elementor-widget-heading .elementor-heading-title.elementor-size-xl{font-size:39px}.elementor-widget-heading .elementor-heading-title.elementor-size-xxl{font-size:59px}</style><h2 class="elementor-heading-title elementor-size-default">Mídias Sociais</h2>		</div>
				</div>
					</div>
				</div>
		<div class="elementor-element elementor-element-093392c e-flex e-con-boxed e-con" data-id="093392c" data-element_type="container" data-settings="{&quot;content_width&quot;:&quot;boxed&quot;}">
					<div class="e-con-inner">
		<div class="elementor-element elementor-element-e9f8709 e-con-full e-flex e-con" data-id="e9f8709" data-element_type="container" data-settings="{&quot;content_width&quot;:&quot;full&quot;}">
				<div class="elementor-element elementor-element-6cef809 elementor-widget__width-inherit jltma-glass-effect-no elementor-widget elementor-widget-text-editor" data-id="6cef809" data-element_type="widget" data-widget_type="text-editor.default">
				<div class="elementor-widget-container">
			<style>/*! elementor - v3.15.0 - 20-08-2023 */
.elementor-widget-text-editor.elementor-drop-cap-view-stacked .elementor-drop-cap{background-color:#69727d;color:#fff}.elementor-widget-text-editor.elementor-drop-cap-view-framed .elementor-drop-cap{color:#69727d;border:3px solid;background-color:transparent}.elementor-widget-text-editor:not(.elementor-drop-cap-view-default) .elementor-drop-cap{margin-top:8px}.elementor-widget-text-editor:not(.elementor-drop-cap-view-default) .elementor-drop-cap-letter{width:1em;height:1em}.elementor-widget-text-editor .elementor-drop-cap{float:left;text-align:center;line-height:1;font-size:50px}.elementor-widget-text-editor .elementor-drop-cap-letter{display:inline-block}</style>				<p>O que é o Grupo de Pesquisa em Lúpus Eritematoso Sistêmico?</p>						</div>
				</div>
				<div class="elementor-element elementor-element-ded45eb jltma-glass-effect-no elementor-widget elementor-widget-text-editor" data-id="ded45eb" data-element_type="widget" data-widget_type="text-editor.default">
				<div class="elementor-widget-container">
							<p><span style="font-weight: 400;">O Projeto Mídias Sociais e Educação em Saúde, iniciado em 2018, utiliza plataformas como Facebook e Instagram para </span>divulgar informações confiáveis sobre o Lúpus e doenças associadas<span style="font-weight: 400;">. Realizando postagens no feed, stories e vídeos no formato IgTv, as sessões incluem &#8220;Dicas de Saúde&#8221;, &#8220;Saiba Mais&#8221; e, a partir de 2020, &#8220;COVID-19&#8221;. Desenvolvido por alunos de graduação em medicina, o projeto, sob a coordenação da Professora Cristina Costa Duarte Lanna, envolve a produção de conteúdo, correções das professoras de reumatologia da UFMG e interação ativa nas plataformas para esclarecer dúvidas dos seguidores. O engajamento nas redes sociais é evidenciado pelos indicadores de crescimento, demonstrando a efetividade do projeto em seus objetivos educativos, ao </span>conectar pessoas com lúpus à informação científica de qualidade e fortalecer a comunicação entre a universidade e a sociedade<span style="font-weight: 400;">.</span></p>						</div>
				</div>
				<div class="elementor-element elementor-element-edb2c4e elementor-widget__width-inherit jltma-glass-effect-no elementor-widget elementor-widget-text-editor" data-id="edb2c4e" data-element_type="widget" data-widget_type="text-editor.default">
				<div class="elementor-widget-container">
							<p> </p><p>Impacto Esperado</p>						</div>
				</div>
				<div class="elementor-element elementor-element-5ba267a jltma-glass-effect-no elementor-widget elementor-widget-text-editor" data-id="5ba267a" data-element_type="widget" data-widget_type="text-editor.default">
				<div class="elementor-widget-container">
							<p>Ampliação do Acesso à Informação sobre o Lúpus:<span style="font-weight: 400;"> O Projeto Mídias Sociais e Educação em Saúde pode impactar positivamente ao ampliar o acesso à informação sobre o Lúpus e doenças associadas, proporcionando conteúdo confiável e acessível através de plataformas populares como Facebook e Instagram.</span></p><p>Fortalecimento da Comunicação entre Universidade e Sociedade: <span style="font-weight: 400;">Utilizando as mídias sociais como ferramenta essencial, o projeto contribui para o fortalecimento da comunicação entre a universidade e a sociedade, especialmente durante a pandemia, ao conectar pessoas com Lúpus a informações científicas relevantes e de qualidade.</span></p><p>Educação em Saúde para Pacientes com Lúpus: <span style="font-weight: 400;">Ao realizar postagens educativas, esclarecer dúvidas e abordar temas relevantes, o projeto promove a educação em saúde para pessoas com Lúpus, incentivando uma compreensão mais informada da condição e melhorando a qualidade de vida dos pacientes.</span></p>						</div>
				</div>
				</div>
					</div>
				</div>
		<div class="elementor-element elementor-element-3a9c998 e-flex e-con-boxed e-con" data-id="3a9c998" data-element_type="container" data-settings="{&quot;content_width&quot;:&quot;boxed&quot;}">
					<div class="e-con-inner">
				<div class="elementor-element elementor-element-cdbf415 jltma-glass-effect-no elementor-widget elementor-widget-shortcode" data-id="cdbf415" data-element_type="widget" data-widget_type="shortcode.default">
				<div class="elementor-widget-container">
					<div class="elementor-shortcode"><div id="trustindex-feed-container-instagram-8669f32cd3c8720"></div></div>
				</div>
				</div>
					</div>
				</div>
							</div>

<p>Mídias Sociais O que é o Grupo de Pesquisa em Lúpus Eritematoso Sistêmico? O Projeto Mídias Sociais e Educação em Saúde, iniciado em 2018, utiliza plataformas como Facebook e Instagram para divulgar informações confiáveis sobre o Lúpus e doenças associadas. Realizando postagens no feed, stories e vídeos no formato IgTv, as sessões incluem &#8220;Dicas de [&hellip;]</p>
