{"id":2085,"date":"2023-11-25T14:04:36","date_gmt":"2023-11-25T17:04:36","guid":{"rendered":"https:\/\/lupusufmg.medicina.ufmg.br\/?page_id=2085"},"modified":"2023-11-25T15:29:08","modified_gmt":"2023-11-25T18:29:08","slug":"gples-sobre-nos-6","status":"publish","type":"page","link":"https:\/\/lupusufmg.medicina.ufmg.br\/index.php\/gples-sobre-nos-6\/","title":{"rendered":"GPLES &#8211; Sobre N\u00f3s"},"content":{"rendered":"\t\t<div data-elementor-type=\"wp-page\" data-elementor-id=\"2085\" class=\"elementor elementor-2085\">\n\t\t\t\t\t\t\t<div class=\"elementor-element elementor-element-891f9b7 e-flex e-con-boxed e-con\" data-id=\"891f9b7\" data-element_type=\"container\" data-settings=\"{&quot;background_background&quot;:&quot;classic&quot;,&quot;content_width&quot;:&quot;boxed&quot;}\">\n\t\t\t\t\t<div class=\"e-con-inner\">\n\t\t\t\t<div class=\"elementor-element elementor-element-43a9d29 jltma-glass-effect-no elementor-widget elementor-widget-heading\" data-id=\"43a9d29\" data-element_type=\"widget\" data-widget_type=\"heading.default\">\n\t\t\t\t<div class=\"elementor-widget-container\">\n\t\t\t<style>\/*! elementor - v3.15.0 - 20-08-2023 *\/\n.elementor-heading-title{padding:0;margin:0;line-height:1}.elementor-widget-heading .elementor-heading-title[class*=elementor-size-]>a{color:inherit;font-size:inherit;line-height:inherit}.elementor-widget-heading .elementor-heading-title.elementor-size-small{font-size:15px}.elementor-widget-heading .elementor-heading-title.elementor-size-medium{font-size:19px}.elementor-widget-heading .elementor-heading-title.elementor-size-large{font-size:29px}.elementor-widget-heading .elementor-heading-title.elementor-size-xl{font-size:39px}.elementor-widget-heading .elementor-heading-title.elementor-size-xxl{font-size:59px}<\/style><h2 class=\"elementor-heading-title elementor-size-default\">Sobre N\u00f3s<\/h2>\t\t<\/div>\n\t\t\t\t<\/div>\n\t\t\t\t\t<\/div>\n\t\t\t\t<\/div>\n\t\t<div class=\"elementor-element elementor-element-093392c e-flex e-con-boxed e-con\" data-id=\"093392c\" data-element_type=\"container\" data-settings=\"{&quot;content_width&quot;:&quot;boxed&quot;}\">\n\t\t\t\t\t<div class=\"e-con-inner\">\n\t\t<div class=\"elementor-element elementor-element-e9f8709 e-con-full e-flex e-con\" data-id=\"e9f8709\" data-element_type=\"container\" data-settings=\"{&quot;content_width&quot;:&quot;full&quot;}\">\n\t\t\t\t<div class=\"elementor-element elementor-element-6cef809 elementor-widget__width-inherit jltma-glass-effect-no elementor-widget elementor-widget-text-editor\" data-id=\"6cef809\" data-element_type=\"widget\" data-widget_type=\"text-editor.default\">\n\t\t\t\t<div class=\"elementor-widget-container\">\n\t\t\t<style>\/*! elementor - v3.15.0 - 20-08-2023 *\/\n.elementor-widget-text-editor.elementor-drop-cap-view-stacked .elementor-drop-cap{background-color:#69727d;color:#fff}.elementor-widget-text-editor.elementor-drop-cap-view-framed .elementor-drop-cap{color:#69727d;border:3px solid;background-color:transparent}.elementor-widget-text-editor:not(.elementor-drop-cap-view-default) .elementor-drop-cap{margin-top:8px}.elementor-widget-text-editor:not(.elementor-drop-cap-view-default) .elementor-drop-cap-letter{width:1em;height:1em}.elementor-widget-text-editor .elementor-drop-cap{float:left;text-align:center;line-height:1;font-size:50px}.elementor-widget-text-editor .elementor-drop-cap-letter{display:inline-block}<\/style>\t\t\t\t<p>O que \u00e9 o Grupo de Pesquisa em L\u00fapus Eritematoso Sist\u00eamico?<\/p>\t\t\t\t\t\t<\/div>\n\t\t\t\t<\/div>\n\t\t\t\t<div class=\"elementor-element elementor-element-ded45eb jltma-glass-effect-no elementor-widget elementor-widget-text-editor\" data-id=\"ded45eb\" data-element_type=\"widget\" data-widget_type=\"text-editor.default\">\n\t\t\t\t<div class=\"elementor-widget-container\">\n\t\t\t\t\t\t\t<p><span style=\"font-weight: normal;\">O <\/span>Grupo de Pesquisa em L\u00fapus Eritematoso Sist\u00eamico &#8211; GPLES<span style=\"font-weight: normal;\"> da Universidade Federal de Minas Gerais (UFMG) emerge como uma luz inovadora no cen\u00e1rio da pesquisa m\u00e9dica, concentrando esfor\u00e7os na compreens\u00e3o do L\u00fapus Eritematoso Sist\u00eamico (LES). Esta doen\u00e7a autoimune cr\u00f4nica, com suas complexidades \u00fanicas, imp\u00f5e <\/span>desafios not\u00e1veis tanto para os pacientes quanto para os profissionais de sa\u00fade<span style=\"font-weight: normal;\">. O GPLES adota uma abordagem integrada, unindo <\/span>pesquisa, interven\u00e7\u00f5es cl\u00ednicas e a\u00e7\u00f5es de extens\u00e3o comunit\u00e1ria<span style=\"font-weight: normal;\"> para abordar n\u00e3o apenas os aspectos cl\u00ednicos, mas tamb\u00e9m para fortalecer os la\u00e7os entre a academia e a sociedade, destacando a import\u00e2ncia da conscientiza\u00e7\u00e3o e do apoio coletivo na luta contra o LES.<\/span><\/p><p><span style=\"font-weight: normal;\">Al\u00e9m de buscar avan\u00e7os cient\u00edficos, o GPLES tamb\u00e9m se destaca por sua miss\u00e3o de levar o conhecimento <\/span>al\u00e9m dos muros acad\u00eamicos<span style=\"font-weight: normal;\">. Ao promover a\u00e7\u00f5es de extens\u00e3o voltadas para a comunidade, o projeto n\u00e3o apenas compartilha informa\u00e7\u00f5es precisas sobre o LES, mas tamb\u00e9m busca criar uma rede de apoio s\u00f3lida, <\/span>fortalecendo os elos entre pacientes, familiares e profissionais de sa\u00fade<span style=\"font-weight: normal;\">. O GPLES, assim, transcende os limites tradicionais da pesquisa m\u00e9dica, emergindo como um <\/span>agente de mudan\u00e7as positivas<span style=\"font-weight: normal;\"> na abordagem e no enfrentamento do L\u00fapus Eritematoso Sist\u00eamico.<\/span><\/p>\t\t\t\t\t\t<\/div>\n\t\t\t\t<\/div>\n\t\t\t\t<div class=\"elementor-element elementor-element-edb2c4e elementor-widget__width-inherit jltma-glass-effect-no elementor-widget elementor-widget-text-editor\" data-id=\"edb2c4e\" data-element_type=\"widget\" data-widget_type=\"text-editor.default\">\n\t\t\t\t<div class=\"elementor-widget-container\">\n\t\t\t\t\t\t\t<p>\u00a0<\/p><p>Impacto Esperado<\/p>\t\t\t\t\t\t<\/div>\n\t\t\t\t<\/div>\n\t\t\t\t<div class=\"elementor-element elementor-element-5ba267a jltma-glass-effect-no elementor-widget elementor-widget-text-editor\" data-id=\"5ba267a\" data-element_type=\"widget\" data-widget_type=\"text-editor.default\">\n\t\t\t\t<div class=\"elementor-widget-container\">\n\t\t\t\t\t\t\t<p><span style=\"color: #000000; letter-spacing: 0px;\"><span style=\"font-weight: normal;\">&#8211; Avan\u00e7os significativos no <\/span>entendimento do LES<span style=\"font-weight: normal;\">, resultando em <\/span>diagn\u00f3sticos mais precisos e tratamentos mais eficazes<span style=\"font-weight: normal;\">.<\/span><\/span><\/p><p><span style=\"font-weight: normal; color: #000000;\">&#8211; Melhoria na <\/span><span style=\"color: #000000;\">qualidade de vida dos pacientes<\/span><span style=\"font-weight: normal; color: #000000;\"> por meio de interven\u00e7\u00f5es cl\u00ednicas inovadoras.<\/span><\/p><p><span style=\"font-weight: normal; color: #000000;\">&#8211; Conscientiza\u00e7\u00e3o da comunidade sobre o LES, <\/span><span style=\"color: #000000;\">reduzindo o estigma e promovendo a empatia<\/span><span style=\"font-weight: normal; color: #000000;\">.<\/span><\/p><p><span style=\"font-weight: normal; color: #000000;\">&#8211; Estabelecimento de uma <\/span><span style=\"color: #000000;\">rede de apoio abrangente<\/span><span style=\"font-weight: normal; color: #000000;\"> para pacientes e suas fam\u00edlias.<\/span><\/p>\t\t\t\t\t\t<\/div>\n\t\t\t\t<\/div>\n\t\t\t\t<\/div>\n\t\t\t\t\t<\/div>\n\t\t\t\t<\/div>\n\t\t<div class=\"elementor-element elementor-element-f21926d e-flex e-con-boxed e-con\" data-id=\"f21926d\" data-element_type=\"container\" data-settings=\"{&quot;content_width&quot;:&quot;boxed&quot;}\">\n\t\t\t\t\t<div class=\"e-con-inner\">\n\t\t<div class=\"elementor-element elementor-element-b11a72e e-con-full e-flex e-con\" data-id=\"b11a72e\" data-element_type=\"container\" data-settings=\"{&quot;content_width&quot;:&quot;full&quot;}\">\n\t\t\t\t<div class=\"elementor-element elementor-element-f8edd26 jltma-glass-effect-no elementor-widget elementor-widget-heading\" data-id=\"f8edd26\" data-element_type=\"widget\" data-widget_type=\"heading.default\">\n\t\t\t\t<div class=\"elementor-widget-container\">\n\t\t\t<h2 class=\"elementor-heading-title elementor-size-default\">Conhe\u00e7a nosso corpo docente<\/h2>\t\t<\/div>\n\t\t\t\t<\/div>\n\t\t\t\t<div class=\"elementor-element elementor-element-97ffe27 gallery-spacing-custom elementor-widget__width-inherit elementor-widget-mobile__width-initial jltma-glass-effect-no elementor-widget elementor-widget-image-gallery\" data-id=\"97ffe27\" data-element_type=\"widget\" data-widget_type=\"image-gallery.default\">\n\t\t\t\t<div class=\"elementor-widget-container\">\n\t\t\t<style>\/*! elementor - v3.15.0 - 20-08-2023 *\/\n.elementor-image-gallery .gallery-item{display:inline-block;text-align:center;vertical-align:top;width:100%;max-width:100%;margin:0 auto}.elementor-image-gallery .gallery-item img{margin:0 auto}.elementor-image-gallery .gallery-item .gallery-caption{margin:0}.elementor-image-gallery figure img{display:block}.elementor-image-gallery figure figcaption{width:100%}.gallery-spacing-custom .elementor-image-gallery .gallery-icon{padding:0}@media (min-width:768px){.elementor-image-gallery .gallery-columns-2 .gallery-item{max-width:50%}.elementor-image-gallery .gallery-columns-3 .gallery-item{max-width:33.33%}.elementor-image-gallery .gallery-columns-4 .gallery-item{max-width:25%}.elementor-image-gallery .gallery-columns-5 .gallery-item{max-width:20%}.elementor-image-gallery .gallery-columns-6 .gallery-item{max-width:16.666%}.elementor-image-gallery .gallery-columns-7 .gallery-item{max-width:14.28%}.elementor-image-gallery .gallery-columns-8 .gallery-item{max-width:12.5%}.elementor-image-gallery .gallery-columns-9 .gallery-item{max-width:11.11%}.elementor-image-gallery .gallery-columns-10 .gallery-item{max-width:10%}}@media (min-width:480px) and (max-width:767px){.elementor-image-gallery .gallery.gallery-columns-2 .gallery-item,.elementor-image-gallery .gallery.gallery-columns-3 .gallery-item,.elementor-image-gallery .gallery.gallery-columns-4 .gallery-item,.elementor-image-gallery .gallery.gallery-columns-5 .gallery-item,.elementor-image-gallery .gallery.gallery-columns-6 .gallery-item,.elementor-image-gallery .gallery.gallery-columns-7 .gallery-item,.elementor-image-gallery .gallery.gallery-columns-8 .gallery-item,.elementor-image-gallery .gallery.gallery-columns-9 .gallery-item,.elementor-image-gallery .gallery.gallery-columns-10 .gallery-item{max-width:50%}}@media (max-width:479px){.elementor-image-gallery .gallery.gallery-columns-2 .gallery-item,.elementor-image-gallery .gallery.gallery-columns-3 .gallery-item,.elementor-image-gallery .gallery.gallery-columns-4 .gallery-item,.elementor-image-gallery .gallery.gallery-columns-5 .gallery-item,.elementor-image-gallery .gallery.gallery-columns-6 .gallery-item,.elementor-image-gallery .gallery.gallery-columns-7 .gallery-item,.elementor-image-gallery .gallery.gallery-columns-8 .gallery-item,.elementor-image-gallery .gallery.gallery-columns-9 .gallery-item,.elementor-image-gallery .gallery.gallery-columns-10 .gallery-item{max-width:100%}}<\/style>\t\t<div class=\"elementor-image-gallery\">\n\t\t\t<div id='gallery-1' class='gallery galleryid-2085 gallery-columns-4 gallery-size-thumbnail'><figure class='gallery-item'>\n\t\t\t<div class='gallery-icon landscape'>\n\t\t\t\t<img loading=\"lazy\" decoding=\"async\" width=\"150\" height=\"150\" src=\"https:\/\/lupusufmg.medicina.ufmg.br\/wp-content\/uploads\/2023\/08\/1.jpg\" class=\"attachment-thumbnail size-thumbnail\" alt=\"\" aria-describedby=\"gallery-1-1918\" \/>\n\t\t\t<\/div>\n\t\t\t\t<figcaption class='wp-caption-text gallery-caption' id='gallery-1-1918'>\n\t\t\t\tProf. Cristina Lanna\n\t\t\t\t<\/figcaption><\/figure><figure class='gallery-item'>\n\t\t\t<div class='gallery-icon landscape'>\n\t\t\t\t<img loading=\"lazy\" decoding=\"async\" width=\"150\" height=\"150\" src=\"https:\/\/lupusufmg.medicina.ufmg.br\/wp-content\/uploads\/2023\/08\/2.jpg\" class=\"attachment-thumbnail size-thumbnail\" alt=\"\" aria-describedby=\"gallery-1-1919\" \/>\n\t\t\t<\/div>\n\t\t\t\t<figcaption class='wp-caption-text gallery-caption' id='gallery-1-1919'>\n\t\t\t\tProf. Rosa Weiss\n\t\t\t\t<\/figcaption><\/figure><figure class='gallery-item'>\n\t\t\t<div class='gallery-icon landscape'>\n\t\t\t\t<img loading=\"lazy\" decoding=\"async\" width=\"150\" height=\"150\" src=\"https:\/\/lupusufmg.medicina.ufmg.br\/wp-content\/uploads\/2023\/08\/3.jpg\" class=\"attachment-thumbnail size-thumbnail\" alt=\"\" aria-describedby=\"gallery-1-1920\" \/>\n\t\t\t<\/div>\n\t\t\t\t<figcaption class='wp-caption-text gallery-caption' id='gallery-1-1920'>\n\t\t\t\tProf. D\u00e9bora Calderaro\n\t\t\t\t<\/figcaption><\/figure><figure class='gallery-item'>\n\t\t\t<div class='gallery-icon landscape'>\n\t\t\t\t<img loading=\"lazy\" decoding=\"async\" width=\"150\" height=\"150\" src=\"https:\/\/lupusufmg.medicina.ufmg.br\/wp-content\/uploads\/2023\/08\/4.jpg\" class=\"attachment-thumbnail size-thumbnail\" alt=\"\" aria-describedby=\"gallery-1-1921\" \/>\n\t\t\t<\/div>\n\t\t\t\t<figcaption class='wp-caption-text gallery-caption' id='gallery-1-1921'>\n\t\t\t\tProf. Fabiana Moura\n\t\t\t\t<\/figcaption><\/figure>\n\t\t<\/div>\n\t\t<\/div>\n\t\t\t\t<\/div>\n\t\t\t\t<\/div>\n\t\t\t\t<\/div>\n\t\t\t\t\t<\/div>\n\t\t\t\t<\/div>\n\t\t\t\t\t\t\t<\/div>\n\t\t","protected":false},"excerpt":{"rendered":"<p>Sobre N\u00f3s O que \u00e9 o Grupo de Pesquisa em L\u00fapus Eritematoso Sist\u00eamico? O Grupo de Pesquisa em L\u00fapus Eritematoso Sist\u00eamico &#8211; GPLES da Universidade Federal de Minas Gerais (UFMG) emerge como uma luz inovadora no cen\u00e1rio da pesquisa m\u00e9dica, concentrando esfor\u00e7os na compreens\u00e3o do L\u00fapus Eritematoso Sist\u00eamico (LES). Esta doen\u00e7a autoimune cr\u00f4nica, com suas [&hellip;]<\/p>\n","protected":false},"author":3,"featured_media":0,"parent":0,"menu_order":0,"comment_status":"closed","ping_status":"closed","template":"elementor_header_footer","meta":{"footnotes":""},"class_list":["post-2085","page","type-page","status-publish","hentry"],"_links":{"self":[{"href":"https:\/\/lupusufmg.medicina.ufmg.br\/index.php\/wp-json\/wp\/v2\/pages\/2085","targetHints":{"allow":["GET"]}}],"collection":[{"href":"https:\/\/lupusufmg.medicina.ufmg.br\/index.php\/wp-json\/wp\/v2\/pages"}],"about":[{"href":"https:\/\/lupusufmg.medicina.ufmg.br\/index.php\/wp-json\/wp\/v2\/types\/page"}],"author":[{"embeddable":true,"href":"https:\/\/lupusufmg.medicina.ufmg.br\/index.php\/wp-json\/wp\/v2\/users\/3"}],"replies":[{"embeddable":true,"href":"https:\/\/lupusufmg.medicina.ufmg.br\/index.php\/wp-json\/wp\/v2\/comments?post=2085"}],"version-history":[{"count":9,"href":"https:\/\/lupusufmg.medicina.ufmg.br\/index.php\/wp-json\/wp\/v2\/pages\/2085\/revisions"}],"predecessor-version":[{"id":2168,"href":"https:\/\/lupusufmg.medicina.ufmg.br\/index.php\/wp-json\/wp\/v2\/pages\/2085\/revisions\/2168"}],"wp:attachment":[{"href":"https:\/\/lupusufmg.medicina.ufmg.br\/index.php\/wp-json\/wp\/v2\/media?parent=2085"}],"curies":[{"name":"wp","href":"https:\/\/api.w.org\/{rel}","templated":true}]}}